 31, 137
List the prime factors of 326.
2, 163
List the prime factors of 45073.
7, 47, 137
List the prime factors of 74922.
2, 3, 12487
List the prime factors of 559.
13, 43
What are the prime factors of 18?
2, 3
List the prime factors of 131.
131
What are the prime factors of 25349?
25349
List the prime factors of 2134.
2, 11, 97
What are the prime factors of 6318?
2, 3, 13
List the prime factors of 2203.
2203
What are the prime factors of 21246?
2, 3, 3541
What are the prime factors of 360?
2, 3, 5
What are the prime factors of 44853?
3, 14951
What are the prime factors of 2844?
2, 3, 79
List the prime factors of 116464.
2, 29, 251
What are the prime factors of 1606?
2, 11, 73
List the prime factors of 62449.
197, 317
List the prime factors of 6256.
2, 17, 23
What are the prime factors of 6746?
2, 3373
List the prime factors of 1143.
3, 127
List the prime factors of 2020.
2, 5, 101
List the prime factors of 11203.
17, 659
What are the prime factors of 258?
2, 3, 43
What are the prime factors of 466?
2, 233
What are the prime factors of 172?
2, 43
What are the prime factors of 74055?
3, 5, 4937
List the prime factors of 1035.
3, 5, 23
List the prime factors of 1788.
2, 3, 149
What are the prime factors of 21232?
2, 1327
What are the prime factors of 12305?
5, 23, 107
What are the prime factors of 1756?
2, 439
What are the prime factors of 266?
2, 7, 19
What are the prime factors of 946?
2, 11, 43
List the prime factors of 9292.
2, 23, 101
List the prime factors of 12449.
59, 211
What are the prime factors of 5395?
5, 13, 83
List the prime factors of 157369.
17, 9257
What are the prime factors of 101169?
3, 1249
What are the prime factors of 79391?
13, 31, 197
What are the prime factors of 930?
2, 3, 5, 31
List the prime factors of 4768.
2, 149
What are the prime factors of 49239?
3, 5471
What are the prime factors of 2261?
7, 17, 19
What are the prime factors of 1359?
3, 151
List the prime factors of 3313.
3313
What are the prime factors of 71?
71
What are the prime factors of 40361?
40361
What are the prime factors of 85897?
7, 1753
List the prime factors of 26232.
2, 3, 1093
What are the prime factors of 13431?
3, 11, 37
What are the prime factors of 665?
5, 7, 19
What are the prime factors of 3896?
2, 487
List the prime factors of 8316.
2, 3, 7, 11
List the prime factors of 459.
3, 17
What are the prime factors of 4295?
5, 859
What are the prime factors of 5195?
5, 1039
What are the prime factors of 22675?
5, 907
List the prime factors of 301.
7, 43
What are the prime factors of 2875?
5, 23
What are the prime factors of 4180?
2, 5, 11, 19
List the prime factors of 29866.
2, 109, 137
What are the prime factors of 97879?
97879
What are the prime factors of 4760?
2, 5, 7, 17
What are the prime factors of 154639?
59, 2621
What are the prime factors of 23610?
2, 3, 5, 787
List the prime factors of 78480.
2, 3, 5, 109
What are the prime factors of 11927?
11927
List the prime factors of 1441.
11, 131
List the prime factors of 235.
5, 47
List the prime factors of 3303.
3, 367
List the prime factors of 305.
5, 61
List the prime factors of 3044.
2, 761
List the prime factors of 16129.
127
List the prime factors of 20530.
2, 5, 2053
What are the prime factors of 42565?
5, 8513
List the prime factors of 5536.
2, 173
What are the prime factors of 96845?
5, 7, 2767
List the prime factors of 1384.
2, 173
List the prime factors of 13166.
2, 29, 227
List the prime factors of 80784.
2, 3, 11, 17
List the prime factors of 5588.
2, 11, 127
What are the prime factors of 10269?
3, 7, 163
List the prime factors of 2323.
23, 101
What are the prime factors of 22823?
29, 787
What are the prime factors of 5659?
5659
List the prime factors of 2452.
2, 613
List the prime factors of 5669.
5669
What are the prime factors of 3463?
3463
List the prime factors of 78301.
78301
What are the prime factors of 803?
11, 73
What are the prime factors of 61763?
13, 4751
List the prime factors of 73716.
2, 3, 6143
What are the prime factors of 5239?
13, 31
List the prime factors of 27042.
2, 3, 4507
What are the prime factors of 53139?
3, 17713
List the prime factors of 12347.
12347
List the prime factors of 2633.
2633
List the prime factors of 17118.
2, 3, 317
What are the prime factors of 189?
3, 7
What are the prime factors of 225?
3, 5
List the prime factors of 19759.
19759
List the prime factors of 46527.
3, 13, 1193
List the prime factors of 5300.
2, 5, 53
List the prime factors of 4412.
2, 1103
What are the prime factors of 15578?
2, 7789
List the prime factors of 2100.
2, 3, 5, 7
List the prime factors of 2583.
3, 7, 41
List the prime factors of 1669.
1669
What are the prime factors of 1692?
2, 3, 47
List the prime factors of 44432.
2, 2777
What are the prime factors of 14485?
5, 2897
List the prime factors of 25378.
2, 12689
List the prime factors of 8477.
7, 173
List the prime factors of 6584.
2, 823
List the prime factors of 768.
2, 3
List the prime factors of 4515.
3, 5, 7, 43
What are the prime factors of 51312?
2, 3, 1069
List the prime factors of 2022.
2, 3, 337
List the prime factors of 875.
5, 7
List the prime factors of 26970.
2, 3, 5, 29, 31
What are the prime factors of 51299?
43, 1193
List the prime factors of 367.
367
What are the prime factors of 632?
2, 79
What are the prime factors of 31671?
3, 17, 23
List the prime factors of 32148.
2, 3, 19, 47
List the prime factors of 307.
307
List the prime factors of 2080.
2, 5, 13
List the prime factors of 1934.
2, 967
List the prime factors of 13852.
2, 3463
What are the prime factors of 439?
439
What are the prime factors of 28374?
2, 3, 4729
List the prime factors of 7658.
2, 7, 547
List the prime factors of 125245.
5, 37, 677
What are the prime factors of 4580?
2, 5, 229
What are the prime factors of 13607?
11, 1237
List the prime factors of 4788.
2, 3, 7, 19
List the prime factors of 238.
2, 7, 17
What are the prime factors of 9399?
3, 13, 241
List the prime factors of 282.
2, 3, 47
What are the prime factors of 465?
3, 5, 31
List the prime factors of 345.
3, 5, 23
List the prime factors of 32572.
2, 17, 479
List the prime factors of 2364.
2, 3, 197
What are the prime factors of 963?
3, 107
What are the prime factors of 3406?
2, 13, 131
List the prime factors of 2441.
2441
List the prime factors of 2524.
2, 631
What are the prime factors of 77092?
2, 19273
List the prime factors of 1453.
1453
List the prime factors of 18186.
2, 3, 7, 433
What are the prime factors of 99949?
127, 787
List the prime factors of 110657.
239, 463
What are the prime factors of 1122?
2, 3, 11, 17
List the prime factors of 29770.
2, 5, 13, 229
What are the prime factors of 46682?
2, 17, 1373
What are the prime factors of 1757?
7, 251
List the prime factors of 56566.
2, 28283
What are the prime factors of 40964?
2, 7, 11, 19
What are the prime factors of 19159?
7, 17, 23
List the prime factors of 9442.
2, 4721
What are the prime factors of 6024?
2, 3, 251
What are the prime factors of 35500?
2, 5, 71
What are the prime factors of 8779?
8779
List the prime factors of 36097.
36097
List the prime factors of 8966.
2, 4483
What are the prime factors of 916?
2, 229
What are the prime factors of 262?
2, 131
List the prime factors of 3231.
3, 359
What are the prime factors of 5112?
2, 3, 71
What are the prime factors of 6534?
2, 3, 11
List the prime factors of 4757.
67, 71
List the prime factors of 1909.
23, 83
What are the prime factors of 53773?
53773
List the prime factors of 504.
2, 3, 7
What are the prime factors of 132205?
5, 137, 193
List the prime factors of 4273.
4273
List the prime factors of 3212.
2, 11, 73
List the prime factors of 850.
2, 5, 17
What are the prime factors of 10012?
2, 2503
List the prime factors of 667.
23, 29
List the prime factors of 3570.
2, 3, 5, 7, 17
List the prime factors of 4041.
3, 449
What are the prime factors of 43022?
2, 7, 439
What are the prime factors of 88111?
17, 71, 73
What are the prime factors of 28866?
2, 3, 17, 283
What are the prime factors of 14727?
3, 4909
List the prime factors of 39243.
3, 103, 127
List the prime factors of 1118.
2, 13, 43
What are the prime factors of 1868?
2, 467
List the prime factors of 2543.
2543
List the prime factors of 31086.
2, 3, 11, 157
What are the prime f